*2 - 34*l - 238. Give k(-3).
-19
Let k(f) = f**2 + 14*f + 8. Determine k(5).
103
Let f(h) = -h**3 + 79*h**2 - 365*h - 369. Determine f(74).
1
Let j(r) = -r**3 + 19*r**2 - 94*r + 1311. Give j(19).
-475
Let b(r) = -30*r**2 - 325*r + 655. Calculate b(2).
-115
Let o(v) = 136*v - 410. What is o(3)?
-2
Let w(v) = -4*v**2 + 2950*v + 2949. What is w(-1)?
-5
Let g(s) = -5*s - 67. Calculate g(-20).
33
Let u(p) = -7*p**2 - 393*p + 349. What is u(-57)?
7
Let g(c) = -6*c**3 - 24*c**2 - 16*c - 1. What is g(-2)?
-17
Let h(q) = -8*q**2 - 326*q + 449. What is h(-42)?
29
Let p(n) = n**3 + 12*n**2 + 3*n - 222. Determine p(-8).
10
Let w(v) = -v**2 + 41*v - 430. What is w(29)?
-82
Let t(p) = -620*p**3 + p**2 - 23*p + 21. Determine t(1).
-621
Let y(x) = -x**2 - 24*x + 673. What is y(17)?
-24
Let r(s) = -s**3 + 14*s**2 - 24*s - 37. Give r(11).
62
Let k(r) = 370*r - 15464. Determine k(42).
76
Let v(d) = 27981*d + 223843. Determine v(-8).
-5
Let z(h) = 4*h**2 + 254*h - 1028. Give z(4).
52
Let j(b) = -7*b + 51. Determine j(5).
16
Let k(h) = -3*h**3 + 8*h**2 - 40*h + 1. Determine k(5).
-374
Let z(g) = -g**3 - 75*g**2 + 73*g - 182. Give z(-76).
46
Let w(x) = -78*x + 9360. What is w(120)?
0
Let l(p) = p**3 - 50*p**2 - 48*p - 143. What is l(51)?
10
Let n(d) = -d**3 - 33*d**2 - 57*d + 169. Calculate n(-31).
14
Let w(b) = 13*b**2 - 129*b - 132. Give w(11).
22
Let h(c) = 48*c - 4168. Calculate h(87).
8
Let z(t) = -593*t - 1212. Calculate z(-3).
567
Let t(s) = 204*s**2 + 1244*s + 112. Give t(-6).
-8
Let h(m) = 473*m + 21275. What is h(-45)?
-10
Let v(n) = -34*n - 1093. Give v(-34).
63
Let a(b) = b**3 + 37*b**2 - 4056*b + 2048. Calculate a(-85).
8
Let p(v) = v**3 - 40*v**2 + 78*v + 85. Calculate p(38).
161
Let o(b) = 96*b - 288. Determine o(3).
0
Let k(t) = t**2 - 33*t - 29. Determine k(34).
5
Let n(r) = -44*r**2 + 531*r - 60. Give n(12).
-24
Let v(d) = 20*d**2 - 111*d - 22. Calculate v(4).
-146
Let q(s) = s**3 + 13*s**2 + 12*s - 35. What is q(-11)?
75
Let m(t) = -64*t - 5005. What is m(-78)?
-13
Let b(m) = m**3 + 13*m**2 + 35*m - 29. Calculate b(-5).
-4
Let f(i) = i**3 - 5*i**2 - 8*i + 3. Determine f(6).
-9
Let y(j) = -32*j - 36. What is y(5)?
-196
Let z(y) = 1098*y - 14. Determine z(0).
-14
Let u(t) = -206*t - 5986. What is u(-29)?
-12
Let m(g) = g**3 - 116*g**2 - 243*g + 859. Determine m(118).
33
Let w(c) = -c**3 + 5*c**2 - 26*c - 15. Give w(0).
-15
Let d(x) = 3*x**2 - 2559*x - 65841. What is d(-25)?
9
Let t(x) = x**3 - 28*x**2 - 335*x - 40. Determine t(37).
-114
Let o(x) = -957*x - 2867. Calculate o(-3).
4
Let t(c) = -4*c**2 - 3*c + 4. Give t(6).
-158
Let a(r) = r**2 - 5275*r + 47404. Determine a(9).
10
Let x(a) = -46*a**3 + 4*a**2 + 23*a + 42. What is x(-2)?
380
Let v(d) = -d**3 + 11*d**2 - 37*d - 13. Determine v(11).
-420
Let r(k) = k**2 - 329*k - 2020. What is r(-6)?
-10
Let l(k) = -k**2 + 577*k - 1149. Calculate l(2).
1
Let y(d) = 57*d + 744. What is y(-10)?
174
Let x(v) = 86*v + 10029. Give x(-117).
-33
Let d(l) = -21*l**2 - 916*l + 71. Give d(-44).
-281
Let u(i) = i**3 - 9*i**2 + 9*i - 41. What is u(8)?
-33
Let s(p) = 459*p - 3369. Give s(8).
303
Let g(h) = 2*h**2 - 26*h + 21. Determine g(5).
-59
Let u(r) = 4*r**2 - 811*r + 2408. Determine u(3).
11
Let x(k) = -1027*k + 21565. Give x(21).
-2
Let n(t) = -19*t + 476. What is n(36)?
-208
Let d(o) = -o**3 + 41*o**2 - 44*o + 55. What is d(40)?
-105
Let r(o) = -440*o**2 + 428*o. Determine r(1).
-12
Let b(d) = 2*d**3 - 31*d**2 + 47*d + 237. What is b(13)?
3
Let a(m) = 342*m - 1755. What is a(5)?
-45
Let j(d) = 8*d + 134. What is j(-5)?
94
Let w(p) = 6*p**3 + p**2 + 2*p + 9. Determine w(-2).
-39
Let v(k) = 184*k + 194. What is v(-1)?
10
Let t(g) = 174*g - 2491. Calculate t(14).
-55
Let k(x) = 45*x + 885. Determine k(-6).
615
Let a(k) = -146*k - 4672. Give a(-32).
0
Let s(q) = 167*q + 12696. What is s(-76)?
4
Let l(p) = 3*p**3 - 19*p**2 - 11*p - 10. Determine l(7).
11
Let j(m) = m**3 - 6*m**2 + 15*m - 6. Calculate j(4).
22
Let x(b) = 16*b - 91. Determine x(-5).
-171
Let i(k) = -k**3 - 3*k**2 + 9*k + 28. Calculate i(-4).
8
Let m(y) = y**3 - 37*y**2 + 252*y - 14. Determine m(9).
-14
Let v(i) = -i**3 + 18*i**2 - i + 36. Give v(18).
18
Let d(j) = j**3 + 13*j**2 - 4*j - 98. What is d(-13)?
-46
Let c(q) = -8*q**2 - q - 8. Give c(3).
-83
Let g(u) = -5*u - 94. Calculate g(6).
-124
Let h(v) = -35*v + 172. What is h(0)?
172
Let r(l) = -7*l**2 + 165*l + 142. Determine r(25).
-108
Let s(h) = -7*h**3 + 5*h**2 - 15*h + 5. Determine s(2).
-61
Let l(t) = -t**3 - 6*t**2 + 14*t + 15. Give l(6).
-333
Let m(i) = -6*i**2 - 367*i - 3564. Calculate m(-49).
13
Let f(n) = 11*n**3 - 191*n**2 - 183*n + 8. Determine f(-1).
-11
Let h(b) = -b**3 - 2*b**2 + 28*b + 22. Calculate h(-6).
-2
Let p(m) = 2*m**2 + 82*m + 609. Determine p(-15).
-171
Let s(q) = -q**3 + 22*q**2 - 15*q - 41. Give s(2).
9
Let r(z) = -z**3 - 2*z**2 - 191*z - 18. Give r(0).
-18
Let b(x) = 36*x + 5. Give b(5).
185
Let z(v) = v**3 - 17*v**2 + 26*v + 45. Give z(15).
-15
Let b(j) = 2*j**3 - 30*j**2 + 37*j + 199. Determine b(13).
4
Let t(b) = -24*b - 35. What is t(-3)?
37
Let m(r) = -105*r**2 - 5981*r + 138. Determine m(-57).
-90
Let c(f) = 8572*f + 68576. What is c(-8)?
0
Let o(u) = -u**3 + 3*u**2 - 13*u - 25. Give o(-2).
21
Let u(z) = -z**3 + 47*z**2 - 244*z - 77. Give u(41).
5
Let r(a) = -12*a + 178. Calculate r(12).
34
Let c(o) = -6*o**2 - 52*o - 44. Give c(-6).
52
Let p(m) = -6*m - 172. What is p(-49)?
122
Let f(m) = -m**3 + 35*m**2 - 57*m - 229. Calculate f(33).
68
Let q(o) = -o**3 + 16*o**2 - 2*o - 18. Determine q(16).
-50
Let l(j) = 114*j + 114. Give l(-3).
-228
Let t(w) = -117*w - 63. What is t(-4)?
405
Let a(j) = 104*j**2 - 625*j + 9. Calculate a(6).
3
Let a(u) = -1024*u - 119816. Determine a(-117).
-8
Let u(f) = -51*f + 1826. Give u(36).
-10
Let h(d) = -2*d**2 + 58*d + 406. Give h(36).
-98
Let s(y) = -71*y + 844. Calculate s(12).
-8
Let l(o) = -10679*o + 53406. Determine l(5).
11
Let w(u) = 2*u**3 + 27*u**2 + 33*u - 34. Calculate w(-12).
2
Let l(f) = -16*f**2 - 11*f + 54. What is l(5)?
-401
Let h(y) = 2*y**2 + 170*y + 423. Calculate h(-82).
-69
Let s(r) = -1132*r + 17981. Determine s(16).
-131
Let b(r) = -51*r + 8304. Calculate b(163).
-9
Let s(v) = 41*v + 498. Determine s(-11).
47
Let h(d) = -350*d + 2170. Give h(6).
70
Let u(c) = -c**3 - 39*c**2 - 34*c + 59. Determine u(-38).
-93
Let c(q) = q**3 - 11*q**2 - 26*q - 8. Determine c(12).
-176
Let m(q) = 701*q + 14009. Determine m(-20).
-11
Let u(w) = -238*w - 1426. What is u(-7)?
240
Let x(y) = -y - 208. What is x(-44)?
-164
Let x(v) = -2*v**2 - 35*v - 21. Give x(-17).
-4
Let d(i) = -i**3 - 58*i**2 - 57*i - 17. Determine d(-57).
-17
Let a(u) = -u**3 - 38*u**2 + 597*u - 101. What is a(-50)?
49
Let v(m) = -m**3 + 3*m**2 + 27*m - 62. What is v(3)?
19
Let i(x) = 763*x - 3810. Determine i(5).
5
Let f(o) = o**3 + 7*o**2 - 41*o - 169. Determine f(-9).
38
Let t(b) = -709*b - 2199. Give t(-3).
-72
Let a(p) = -p**3 + 10*p**2 + 112*p + 90. Give a(-6).
-6
Let o(b) = -b**2 + 263*b - 2964. Determine o(12).
48
Let a(k) = k**3 + 34*k**2 - 73*k + 3. What is a(-36)?
39
Let a(c) = -c**3 - 9*c**2 - 44*c - 298. Calculate a(-7).
-88
Let y(p) = p**3 + 13*p**2 + 12*p + 72. What is y(-10)?
252
Let a(k) = k**2 - 8*k + 16. Calculate a(2).
4
Let t(i) = 6*i**2 + 99*i + 357. Give t(-11).
-6
Let q(v) = v**3 + 12*v**2 - 108*v - 126. Give q(-18).
-126
Let v(b) = -9*b**3 - 29*b**2 - 4*b + 31. What is v(-4)?
159
Let h(p) = p**3 - 11*p**2 - 6*p - 55. Give h(12).
17
Let a(z) = -22*z**2 - 142*z + 288. Determine a(2).
-84
Let r(z) = -13*z**3 - z**2 - 28*z + 35. Calculate r(1).
-7
Let d(h) = h**3 + 20*h**2 - 63*h + 78. What is d(-23)?
-60
Let o(g) = -5*g**3 + 25*g**2 - 12*g + 52. What is o(5)?
-8
Let v(h) = -150*h + 11555. Give v(77).
5
Let z(k) = 38*k**2 + 1886*k - 708. Calculate z(-50).
-8
Let t(c) = 22*c + 448. Calculate t(-20).
8
Let j(h) = 8*h**2 + 116*h - 48. What is j(-15)?
12
Let q(f) = -3*f**2 + 3008*f + 6011. What is q(-2)?
-17
Let c(n) = -n**3 - 112*n**2 - 221*n - 128. What is c(-110)?
-18
Let g(q) = 137*q + 10967. Determine g(-80).
7
Let i(m) = -22*m**2 - 143*m + 38. Calculate i(-7).
-39
Let b(g) = 18*g - 50. Give b(8).
94
Let c(z) = -67*z + 2159. Give c(32).
15
Let k(m) = -m**2 + 7*m + 718. Give k(30).
28
Let g(o) = 5*o**2 - 4*o - 3. Calculate g(-1).
6
Let